actors of b?
5
Let u be (-3182)/18 - 2/9. Let d = u + 252. Suppose 5*o = 5*n + d, -40 - 2 = -3*o + 2*n. List the prime factors of o.
2, 3
Suppose 3*f = -2*f - 5. List the prime factors of (-9)/f*1 + 0.
3
Suppose -31 = 4*h + 73. Let m = h - -45. List the prime factors of m.
19
Let q = -3 - -6. Suppose q*r - 49 = -4. List the prime factors of r.
3, 5
Let m = -142 + 208. Suppose 0 = 3*a + 2*n - 63, -5*n + 4*n + m = 3*a. What are the prime factors of a?
23
Let x(h) = -6*h**3 - 3*h + 3. Let y be x(2). Let f = y - -92. Suppose -3*w + 4*o + f = 0, -3 + 15 = w - 3*o. What are the prime factors of w?
3, 5
Let j(x) = -x**2 - 17*x + 18. List the prime factors of j(-9).
2, 3, 5
Let p(m) = -17*m - 1. What are the prime factors of p(-2)?
3, 11
Suppose 20*i + 235 = 21*i. List the prime factors of i.
5, 47
Suppose 3*x + 49 = 4*z - 28, -99 = -5*z + x. Suppose 0 = 5*a + 5*d - z, -2*a + d = 5*d - 2. Suppose 2*q = a + 7. What are the prime factors of q?
7
Suppose 2*h = -5*f - 0*h + 337, f = -5*h + 72. What are the prime factors of f?
67
Suppose r - 5*r = 20, -2*z - 3*r = 15. Let p(v) = -v**2 + v + 10. List the prime factors of p(z).
2, 5
Let l = 218 - 127. Let k = -44 + l. List the prime factors of k.
47
Suppose -q = -5, -4*y - 4*q - q + 193 = 0. Suppose y = n + n. What are the prime factors of n?
3, 7
Let p(n) = -n**3 + 6*n**2 - 3*n + 3. List the prime factors of p(5).
13
Let r(j) = -j**3 - 7*j**2 - 6*j + 3. Let p be r(-6). Suppose -p*c + 15 + 0 = 0. List the prime factors of c.
5
Suppose -7*k + 1223 = 180. What are the prime factors of k?
149
Let h be (-1 - -3)/(2/7). Suppose a - 4 = 0, -4*z + 2*a - 47 = -h*z. List the prime factors of z.
13
Suppose -2*r = 2*b - 16, -13 = -0*b - b - 2*r. Suppose -3*q - x - 17 = -6*q, -b*x + 14 = 4*q. List the prime factors of q.
5
Let u = 4 - 2. Suppose 5*l + 3*h - 20 = 0, -u*h - h = 0. Suppose -3*z + 5*z - l = -m, 0 = -5*z + 5*m + 25. List the prime factors of z.
3
Let o = -35 - -56. Suppose 20 + 32 = -4*y. Let f = o + y. List the prime factors of f.
2
What are the prime factors of 11 - 4 - 0/2?
7
Let j(r) = 19*r - 6. What are the prime factors of j(4)?
2, 5, 7
Suppose -v - 3*v + 192 = 0. Let s = v - 71. Let j = s - -32. What are the prime factors of j?
3
Suppose 2*v - 7*v = -520. List the prime factors of v.
2, 13
Suppose -5*w = 5*u - 49 + 14, 5*u - 5 = w. Let z = 5 + w. What are the prime factors of z?
2, 5
Let u(y) = y**3 - 3*y**2 + 2*y. Let f be u(3). Suppose -f*g + g = 5. List the prime factors of ((-2)/1)/(g/6).
2, 3
Let n be 1/4 - 13/4. Let u be (36/1)/n + 0. What are the prime factors of 2 - (2 - (-2 - u))?
2, 5
Let d = -9 + 15. Suppose 3*k - 5*n = d*k - 10, -3*k = 2*n - 13. Suppose -q + k = -2. What are the prime factors of q?
7
Let y = 6 + -3. Suppose -4*i - 36 = -a - y*i, 3*i = a - 26. List the prime factors of a.
41
Let x = 17 + 3. Suppose -2*y - x = -5*h, 0 = y - 6*y. Suppose 6*c = 3*a + c + h, 0 = 4*a + 4*c - 48. What are the prime factors of a?
7
Let h(k) = -k**2 + 11*k - 8. Suppose -40 + 13 = -3*o. Let r be h(o). Let f(i) = -i**2 + 12*i - 12. List the prime factors of f(r).
2
Let f = -9 + 11. Suppose 3*i = 5*k + 3, 2*i - 1 = f*k - 3. Let a(u) = u**3 + 6*u**2 + 5*u. What are the prime factors of a(i)?
2, 3
Let s = -4 + 16. Let z = 44 - s. What are the prime factors of z?
2
Let t = -29 - -53. What are the prime factors of t?
2, 3
Let n be (-1 + -2)*2/6. Let r = 5 - n. Suppose 0 = -2*d + r*d - 48. What are the prime factors of d?
2, 3
Let w be 6/(-14) + 174/14. Suppose -14 - w = -f. Suppose 3*l - f = 28. What are the prime factors of l?
2, 3
Let j(c) = -c**2 - 4*c + 3. What are the prime factors of j(-3)?
2, 3
List the prime factors of ((-921)/(-6) - -4)/((-4)/(-8)).
3, 5, 7
Let s(h) = h**3 + 6*h**2 - 9*h - 7. Suppose -t - 12 = 3*a, 2*t + t + 24 = 3*a. Let v be 6/t - (-38)/(-6). List the prime factors of s(v).
7
Let b be 4/((-1)/((-1)/2)). List the prime factors of 17 - (1 - -2) - b.
2, 3
Suppose 5*d + 5*j + 29 = -11, -31 = 2*d + 5*j. Let i = d + 6. Suppose -i*r + 10 = 3*y - 5, 0 = -3*r - 2*y + 18. List the prime factors of r.
2
Let p = -240 + 405. List the prime factors of p.
3, 5, 11
Let m(o) = 38*o**2 - 1. Let b be m(-1). Let q = b + -8. What are the prime factors of q?
29
Let x(n) = n - 4. Let h be x(7). Suppose -12 = -h*w + r + 1, 0 = w - 5*r + 5. Suppose s = -2*z + 4*z - 15, w*z = -s + 55. List the prime factors of z.
2, 5
Let p = 8 - -2. Suppose -4*u = -2*d - 32, -3*u + p + 0 = 2*d. Suppose -2 = -w + u. What are the prime factors of w?
2
Suppose 3*s - 5*s + 2 = 0. Let v = s - -4. What are the prime factors of v?
5
Suppose 6*u = 9*u - 72. Suppose 1 = -f + 3. Suppose -2*q + 37 = q - f*c, 2*q = c + u. List the prime factors of q.
11
Let m = 288 + -128. List the prime factors of m.
2, 5
Suppose -5*m + 3 + 42 = 0. Suppose 3*i + 2*d + 3 - m = 0, -5*d - 7 = 2*i. What are the prime factors of i?
2
Let g be 1/(-2)*(-70)/7. Suppose 0 = 3*m - g*m + 18. List the prime factors of m.
3
What are the prime factors of 263/9 - (-6)/(-27)?
29
Let h = -1 + 16. List the prime factors of h.
3, 5
Let u(s) = -3*s - 1. Let f(x) = -x**3 + 8*x**2 + 9*x - 7. Let n be f(9). What are the prime factors of u(n)?
2, 5
Suppose 7*s = -l + 4*s + 2, 0 = 2*l + 2*s - 4. Suppose 4*b = -5*n + 85, n - 3*b + 12 = l*b. What are the prime factors of n?
13
Suppose -j + 1 + 2 = 0. Suppose 0*s = s - 30. Suppose 3*o = 5*u - s, -j*u - 11 = -o + 5*o. List the prime factors of u.
3
Let z(c) be the third derivative of -c**5/60 + 7*c**4/24 + c**3 + c**2. Let f = 1 - -6. List the prime factors of z(f).
2, 3
Let t = -18 - -13. Let a(b) = b**3 + 5*b**2 - 2*b - 4. Let c be a(t). Suppose 5*n = -4*r + 56, 5*r = c*n - 7*n + 28. List the prime factors of n.
2
Let u be 12/8 + 2/(-4). Let g be 2 - (-7 + u - -2). Suppose g*w - 2*w = 48. List the prime factors of w.
2, 3
Suppose -71 - 149 = -b. List the prime factors of b.
2, 5, 11
Suppose 0 = -5*k - 5*y + 210, -y - 2*y + 6 = 0. List the prime factors of k.
2, 5
Let v be 0/3 + (-6)/(-2). Let z = -2 + 5. Suppose u + 36 = 4*u - 3*o, v*o = -z. List the prime factors of u.
11
What are the prime factors of (-1224)/(-119) - -4*2/(-28)?
2, 5
Let c(h) = -4 + 3*h - 6 + 4 + 1. What are the prime factors of c(4)?
7
Suppose -x + 4*x - 4*u - 60 = 0, -5*x + 4*u = -92. What are the prime factors of x?
2
Suppose 5*u + 5 = 30. List the prime factors of (1/3)/(u/45).
3
Let w be (12/(-8))/(6/16). Let b = 11 + w. What are the prime factors of b?
7
List the prime factors of 1/(-3*(-4)/1248).
2, 13
Let o(w) = w**3 + 4*w**2 - w - 2. Let f(b) = -2*b**3 - b. Let n be f(1). Let l be o(n). Let r = l - -1. List the prime factors of r.
11
Suppose 435 = v - r, 5*v - 3*v - 885 = -3*r. What are the prime factors of v?
2, 3, 73
Let k be ((-2)/(-6))/((-3)/(-45)). Let f(o) be the first derivative of o**2 - 3*o - 5. What are the prime factors of f(k)?
7
Let z(p) = -2*p + 1. Let f be z(-1). Suppose 3*n - 1 = -f*l + 8, -l + 3 = -n. What are the prime factors of 2 - n - (5 + -9)?
2, 3
Suppose -o - 12 = -u, u + 2*u = -2*o + 21. Suppose -3*r + u + 3 = 0. Suppose -2*h = -3*v + 31, r*v + 5*h = 28 - 2. What are the prime factors of v?
3
Suppose -29 = -s + 23. What are the prime factors of s?
2, 13
Let d(r) be the second derivative of 2*r - r**2 + 0 - 2/3*r**3. List the prime factors of d(-2).
2, 3
Let r(w) = 4*w**2 - w - 11. Let q be r(5). List the prime factors of q/18*3*3.
2, 3, 7
Suppose 4 = 4*t - 4*k, -t + 2 = -2*k - 2. Let i(q) = q**2 + 2*q. Let p be i(t). Let y = 4 - p. List the prime factors of y.
2
Let d = -18 - -34. What are the prime factors of ((-10)/1)/(d/(-8))?
5
Suppose -46 = -0*d - d. What are the prime factors of d?
2, 23
Let h = 83 - 30. List the prime factors of h.
53
Let n(b) = b**2 + 11*b + 8. Let z be n(-10). Let w be z/(-9) + (-6)/27. Suppose 0*h - 16 = -3*h + 4*x, w = 5*h + x - 19. List the prime factors of h.
2
Suppose 3*x - 3*o = -21, -4*x - o - 35 = x. Let y(s) = s**2 + 5*s - 5. List the prime factors of y(x).
3
Suppose 0 = -3*p + 5*v + 47 + 63, -4*p = 3*v - 166. Let c = p - -2. List the prime factors of c.
2, 3, 7
Let g(n) = 7*n**3 - 2*n + 1. Let y be -1 + 2 + 0 + -2. Let d be (y + -1)*2/(-4). List the prime factors of g(d).
2, 3
Suppose -2*z - 10 = 3*v, 3*z + 2*z + 4*v = -11. Suppose 0*m - z = m. What are the prime factors of (m - (